 55
29
What is the value of -20 - (2 - 1) - (-244 - -243)?
-20
Calculate 7 + (3 - 0) - (-15 + -12 + 27) - 83.
-73
Evaluate 11 + 11 + -130 + 56.
-52
What is the value of 15 - 1 - (20 + (-2 - -15) + 19)?
-38
Calculate -1 + (-47 - 1) + 3 - ((64 - 156) + 94).
-48
What is (-94 - (-64 - -29)) + -9 + 1 + -8?
-75
Calculate (71 - 69) + (8 + -2 + -4 - 3 - -6).
7
Calculate -73 + (236 - 110) - -10.
63
58 + (-4 - 9 - 1 - (0 - -1))
43
What is -45 - -15 - (0 - 73)?
43
(5 - 0) + 0 - (456 + (-991 - -568))
-28
Evaluate -19 + (-58 - -84) - 8.
-1
Calculate 108773 + -108743 - ((106 - 1) + 1).
-76
What is the value of 5 + (23 - 37 - -14 - -22)?
27
What is 35 + -23 + 3 + -3 + -7 + 10 + -37?
-22
Evaluate (-60 - -15) + -139 + 125.
-59
What is the value of -5 + 3 + -64 - (-106 - (-1 + -90))?
-51
(-49 - -52) + (7 - 1) + 9
18
What is -979 + 1011 - ((1 - -15) + 2)?
14
Calculate (0 - (-33 + -1)) + 19951 + -20042.
-57
Evaluate (-37 + (35 - -25) - 32) + 1 + (26 - 1).
17
Evaluate 16 + (-12 + -11 - (2 + (9 - 18))).
0
Calculate -8 + 0 + 27 + -17 + -41 - (2 - 8).
-33
What is the value of (12708 - 12766) + (-1 - -79)?
20
-192 - -261 - (6 - (2 + -2 - -3))
66
What is the value of -34 - (-261 + 126) - 226?
-125
What is the value of -17 + (-4 - -4) + (-24 - -47) + -17 - -82?
71
Evaluate (11 - 198 - -209) + 7 + 1.
30
What is 5 - 2 - (-2 + 4) - 3 - 29?
-31
Calculate -73 - (39 + (62 - 153)).
-21
What is (53 + -46 - (7 - 4)) + 19?
23
21 + (20 - -2 - (-288 + 268))
63
What is the value of (64 - 6 - 68) + (0 - 2)?
-12
1 + -1 + 0 - (102 - (70 + 33))
1
Calculate (13 - 2 - -22) + 102 + -89.
46
(-5 - 93) + 983 + -902
-17
What is the value of 11 - -1 - (27 + -139 + 182)?
-58
Evaluate -10 + 3 + (40 - 13 - 24).
-4
Evaluate -63 - -5 - (-83 - 22).
47
(-3 - -17) + 18 + (-30 - 10 - -25)
17
What is the value of (-1 - 23 - (-68 + 17 + 36)) + -24?
-33
Calculate 10 + (104 - 152) + 77 + 1.
40
What is (1 - 0) + (19 - 10 - (0 + -1 + -12))?
23
Calculate 55 + -58 + 13 - 29.
-19
What is (-151 + 122 - -41) + -125?
-113
What is the value of -1 + 0 + -3 + (58 - 98)?
-44
What is the value of -355 + 627 + -301 - (-1 - 77)?
49
Calculate (-8 - (-9 + -3)) + -1 + -69 + -15 + 7.
-74
Calculate (24 - (-12 + 24) - -76) + -13 + -3.
72
Evaluate -32 - 69 - ((-57 - -20) + 3).
-67
Evaluate (26 - -52 - 16) + (12 - 32).
42
Evaluate (-42 + -5 - 13) + -14.
-74
70 - 72 - (40 + -19)
-23
What is 26 + (-13 + -21 + 20 - -13)?
25
What is -10 - ((1 - 55) + (-524 - -523))?
45
What is the value of -31 - 2 - (95 + -136) - (0 - 124)?
132
Calculate (-8 - -2) + (-110 - -144).
28
What is the value of 20 - 51 - (-9 + (4 - 7 - -1))?
-20
What is the value of -22 + (105 - 49) + -41?
-7
What is the value of (-2 - 77) + 77 - -49?
47
146 + (-152 - -43) - -29
66
Evaluate -38 + 2 - (35 + (-27 - 2)).
-42
What is the value of (-1 + 0 - (-77 + 72 + -17)) + -21?
0
Evaluate -22 - (-133 + (20 - -55)).
36
What is (-915 - -922) + (87 - (0 + 2) - 1)?
91
2 - (-9 + (6 - 3) - 0 - (1315 - 1386))
-63
Calculate -48 + 24 + (-39 - -55).
-8
(-3 - -2 - 7) + 27 + 7 + -2 - -3
27
What is the value of -14 + (-71 - (-90 + -84))?
89
-10 - (12 + 2 + 20)
-44
What is the value of -45 - (-57 + (134 - 76))?
-46
What is 45 - (33 + -58 + 42)?
28
Evaluate (-2247 - -2252) + (-2 + 4 - (-1 + 36)).
-28
Calculate (-332 - -319) + -3 + 2.
-14
Evaluate 10 - (17 - 12) - (58 + 6).
-59
Calculate 65 + -31 - 19 - (5 + -29).
39
(-45 - (35 - 48)) + 65 - 101
-68
Evaluate (-592 - -513) + 35 + -2.
-46
Evaluate 26 + -25 + 1 + -1 + 3 + -3 - 69.
-68
(19 + -20 + 6 - 4) + -2 + 65
64
(29 - -5) + -87 - 18
-71
Evaluate -2 - ((-1 - (-12 + 14 - 1)) + -10).
10
What is 428 + -421 + -1 + (-2 + 2 + -1 - 22)?
-17
(2 - 1) + -119 + 25 + 72 - 36
-57
(-7 - -21) + (24 - 41 - 22)
-25
-68 + -21 + -6 + (-14 - -51 - 21)
-79
What is -1884 + 1899 + (-56 - -3)?
-38
(50 - -13 - 157) + 39
-55
What is the value of (15 - -1) + (-21 - (-4 + -28 + 35))?
-8
Calculate 53 - (-14 + 34 + 0 + -9 - (15 - -2)).
59
Calculate (157 - 140 - (0 + 23)) + 0.
-6
Evaluate (-87 - (-62 + 19) - -33) + (106 - (-1 - -2)).
94
Evaluate (-50 - (-30 + 15 - -16)) + 23.
-28
252 + (10 - 112) - 92
58
Calculate -33 - ((-61 - 42) + -16).
86
What is -17 - (86 + -46) - -97?
40
What is the value of 23 + 3 + (-11 - (11 - -2))?
2
What is (0 - (-46 + 3)) + 103 + -44?
102
36 + (-58 - 7) + 29 - (1 + -44)
43
What is the value of -4 + 6 + -15 + 13 + -29?
-29
(9 - (-42 - 29)) + -72
8
What is the value of (-12 - -16) + (-54 - -8) + 79?
37
What is the value of -33 + -41 + 26 - -59?
11
Calculate (30 - 1 - 7 - -32) + (-1 - -1).
54
What is (35 - 46) + (13 - (-7 - 0))?
9
What is the value of -9 - -8 - (1 - -34 - (91 - 103))?
-48
855 + -833 + 0 + -53
-31
What is (-22 - (-35 - 22 - -26)) + (78 - 5)?
82
What is the value of (23 - (-6 - -21)) + (2 + -25 - 1)?
-16
Evaluate 6 - (-56 + (43 - 26)).
45
Calculate -12 + (5 - (2 - -2)) + 11 - -29.
29
What is the value of 66 - 39 - -33 - 13?
47
Calculate 154 + -135 + 15 + -91.
-57
-3 - 26 - (-3 + 25 + -11 + -11 + -6)
-23
Evaluate -5 - ((-26 - 20) + 37 + 0 + -62).
66
What is the value of 122 - (-6 + 19 + -9 + 18 + 1)?
99
What is 89 + (-140 - -74) + -7?
16
What is the value of -35 - (0 + -2 + 1 - (2 - (-12 + 12)))?
-32
What is -2 - (-3 + 5) - -3 - (32 + -41 + 6)?
2
What is the value of -5 - (-86 - -48) - 8?
25
-5 + -33 - -24 - (4 - 14 - 6) - 21
-19
0 + (-11 - (11 + -24)) + 6 + -1 + 2
9
What is the value of 4 + (135 + -159 - (-14 - 0)) - 26?
-32
Calculate (-4 - -20 - (50 - 41)) + (139 - 63).
83
19 + 38 + -27 + -5
25
Evaluate (0 - -12) + -41 + 38 - 10 - (-2 + -52).
53
What is the value of (-29 - (9 + -15)) + (-12 + 5 - -21)?
-9
Calculate -79 - -68 - (4 + -11 + 43 + -7).
-40
Evaluate 0 + -56 - ((-107 - -6) + 99).
-54
What is the value of 1 + -17 + -5 + (-67 + 67 - (-8 + 1))?
-14
Calculate -32 - (-28 + (-2 + -7 - -21)).
-16
What is the value of 1 + -16 + 33 + (56 - 71)?
3
Evaluate 36 + 19 + -2 + 1.
54
Evaluate -2 - (-15 + (-8 - -22) + -11 + 13) - -59.
56
-2 + 25 + (7 - 1) + -8 + -10 - 61
-50
Calculate -42 + (15 - (-2 - -8)) + -1 + -10.
-44
31 + 4 + (-10 - ((6 - 16) + -3))
38
Calculate (45 - -51) + (-12 + 21 - 6) + -6.
93
Evaluate 41 + 0 + 17 + -27 + (9 + 18 - 24).
34
Calculate -7 - (-112 + 116 - (1 + -28 - 4 - 1)).
-43
What is -10 + (-2 - 11) - (-49 - (91 - 30))?
87
Evaluate (-795 - -641) + 175 + -14.
7
-13 - 2 - ((19 + 0 - 12) + 24)
-46
Calculate 49 + -129 + 0 + 94.
14
(568 - 643) + 0 + 128
53
-4 + 2 + 4 - 67 - (-8 + (-9 - -9))
-57
Calculate -17 + (19 + (6 - 11) - 16).
-19
What is the value of 15 - ((108 - 98 - (2 - 0)) + -5)?
12
-4 + (3 - (-49 - 4)) + -9 + 7
50
What is 34 + (2 - -2 - -11) + -18 + 7?
38
Evaluate (-25 + 11 - -10 - -11) + 7 - 34.
-20
What is the value of (96 - 78) + (7 + -6 - -17)?
36
Evaluate (-1 - -19) + (515 - 580).
-47
What is the value of -88 - (94 - (62 + 203))?
83
Evaluate 96 - 101 - 136 - (-29 + 0).
-112
-19 - (-15 + 7) - (-10 - (2 - -34))
35
What is (-1 + (2 - 1) - -35) + (140 - 135)?
40
What is the value of -5 + (-2 - -18) + (-37 - -38) - 20?
-8
-8 - (11 - -3) - (-7 - -5)
-20
What is the value of (57 - -3 - (-3 + 0)) + (-320 - -316)?
59
Evaluate (4 - -2 - 4 - (22 - 18)) + 30 + -50.
-22
Calculate 23 - 69 - (122 + -228).
60
Calculate ((23 - -21) + -149 - -30) + 23.
-52
Evaluate -78 + (56 - (-21 - -52)).
-53
Evaluate 18 - 6 - (-19 - (-35 + -57)).
-61
Evaluate -53 + 47 + -2 + 72.
64
What is 0 + -21 + (1387 - 1451) + -32?
-117
(21 - 39) + 82 - -4 - (3 + 0)
65
What is -2 + -60 - (6 - (13 + (6 - (-7 + 10))))?
-52
Evaluate 47 + 18 + -30 + -33 + 1 + -13 + -80.
-90
Evaluate -2 + -1 - ((-4 - -3) + (95 - 66)).
-31
What is the value of (-34 - 7) + (-280 - -390)?
69
What is (-271 + 229 - (2 + 4 + -14 + 4)) + -1?
-39
Evaluate 35 - (-31 - -94) - (-1 - 13).
-14
Calculate -82 + 104 + -83 - 8.
-69
Evaluate 8 - ((22 - 1) + 24).
-37
What is -57 - (-46 + (-43 - -72))?
-40
Calculate 1 + -1 + (-1 - (-2 - 2)) - (895 + -777).
-115
What is (1 - (-6 - 1)) + (15 - (99 - 28))?
-48
What is the value of -21 - ((7 - 3) + (56 - (50 - -91)))?
60
What is the value of 68 - (-1 - (-19 + 13)) - (4 - (2 + -5))?
56
(8 - 9) + -28 + 38 - (4 + 1)
4
Calculate 21 + 76 + -11 + (-24 - -9).
71
Evaluate ((-7 - -12) + 9 - 4 - (-2 + -12)) + 1.
25
What is (-15 + 19 + 27 - 56) + 26?
1
What is -3 + 56 + -17 + 27 + -32?
31
What is (1 + -20 - (68 + -101)) + -4?
10
What is 0 - -46